2
Let o(m) = -m**3 - 2*m**2 - 2*m + 1. Let y be o(-2). Let k(d) = 464*d - 11. Let r(w) = -1114*w + 28. Let i(f) = -12*k(f) - 5*r(f). Give i(y).
2
Let k = 7840 - 7822. Let f(q) = -q**3 + 17*q**2 + 11*q - 1. Determine f(k).
-127
Let l(g) = -g**3 - 2*g**2 + g - 1. Let x = 38 + -30. Suppose 0 = n - 3*n - x. Let o be (-2)/(-52)*n - (-37)/(-13). Give l(o).
5
Let j(f) = -17*f**2 + 3*f - 1. Let k(n) = -210*n + 2101. Let v be k(10). What is j(v)?
-15
Let j(w) = w**3 - 7*w**2 + 7*w - 6. Suppose n - 16 + 13 = 0. Suppose n*s = 2 + 46. Suppose 0 = -4*t - 4*d + s, -t = 2*t + 4*d - 10. Determine j(t).
0
Let i(k) be the third derivative of 0*k**5 - k**2 + 2/3*k**4 - 1/720*k**6 + 0*k + 0*k**3 + 0. Let p(b) be the second derivative of i(b). What is p(5)?
-5
Let b(c) = -24*c**2 - 97*c - 10. Let l be b(-4). Let p(i) = -3*i**2 - 20*i + 4. What is p(l)?
16
Let m(u) = 2*u - 1594 + 816 + 775. Let j(a) be the second derivative of -a**3/6 + 8*a**2 + 5*a. Let d be j(13). What is m(d)?
3
Suppose -4*q - 368 = x, -3*x + 112 = -2*q - 58. Let r = -86 - q. Let w(v) = -v - 2. What is w(r)?
-7
Let y(i) = -i**3 - 8*i**2 - 7*i - 4. Suppose 649*p + 3212 = -1331. What is y(p)?
-4
Suppose 0 = 2*j + 2*j - 24. Let t(x) = -x - j + 4 + 2*x. Suppose -45 = 3*y - 4*w, y + 5 = w - 8. Give t(y).
-9
Let a = -3421 - -3419. Let y(j) = -j**3 - 6*j**2 - 9*j. What is y(a)?
2
Let k(w) = 14*w**3 - 2*w**2 + w. Let i(x) = -x + 30. Let q be i(-25). Suppose 0 = 10*u - 6*u + 216. Let h = u + q. Calculate k(h).
13
Let d(h) = h - 9. Let v = 895 + -143. Suppose 698 = 6*a + v. Determine d(a).
-18
Let b be (4/(-9))/((-26)/117). Let g(q) = 431*q**3 - 7*q**b - 22 + 24 - 432*q**3 + 8*q. What is g(-8)?
2
Let r(s) = -s - 7. Suppose -b = 5*d - 85, -51 = -3*d - 3*b - 2*b. Suppose -d*x = -21*x - 44. Give r(x).
4
Let i(u) = 55*u - 2199. Let x be i(40). Let g(r) = 4*r**2 + 30*r - 31. What is g(x)?
3
Let o(d) be the third derivative of -d**6/120 - 7*d**5/60 - 5*d**4/24 + d**3/6 - 2*d**2 - 45*d. What is o(-6)?
-5
Let f(v) = -25*v**2 + 13. Let a(p) = -99*p**2 - 10*p + 64. Let b(n) = -a(n) + 4*f(n). Suppose -5*l = -31 - 9. Determine b(l).
4
Let d(j) = j**2 + 4*j + 6. Let m be d(-3). Let n(h) = 6*h - 6 - 5*h - 6*h**2 + 3*h**m - 2*h**3. What is n(6)?
0
Let t(i) be the second derivative of -i**5/20 + 5*i**4/12 + 4*i**3/3 + 2*i**2 - 432*i + 1. Suppose 0 = -3*h + 2*b - 3*b + 18, -4*h = 5*b - 24. Calculate t(h).
16
Suppose 15*p - 504 = 6*p. Let a(x) = -2 - 48*x + 102*x - p*x. What is a(-2)?
2
Let r(a) be the third derivative of -a**6/120 - a**5/6 + 5*a**4/24 + a**3/6 - 697*a**2. What is r(-11)?
67
Suppose -33*f + 65*f + 1278 = -39*f. Let a(d) = d**3 + 20*d**2 + 35*d - 33. Determine a(f).
-15
Let c be (1 - 2)/(7 - 8). Let p be 45/(-90)*(1 - c). Let k(i) be the first derivative of -i**2/2 - 6*i - 1. What is k(p)?
-6
Let t(r) = 2*r**2 + 14*r + 6. Let k be (-5 - (-3 - -4)) + 20. Suppose k*m - 120 = 34*m. Calculate t(m).
-6
Let y(r) = 29 + 1888*r - 3824*r + 19 + 129 + 1910*r. Calculate y(7).
-5
Let m(g) = -2*g**3 - 40*g**2 - 40*g - 43. Let l be m(-19). Let t(p) = p**2 + 10*p + 11. Give t(l).
-14
Let i(f) be the first derivative of f**4/4 - 9*f**3 + f**2 - 55*f + 1695. What is i(27)?
-1
Let w be 8 - (-2)/((-17)/(714/12)). Let c(h) = -33*h + 30. What is c(w)?
-3
Let v(c) = -8*c - 311. Let u be v(-51). Let w(j) = -u*j**2 + 6*j + 196*j**2 + 4 - 98*j**2. Give w(-2).
-4
Let i(c) = -c**2 - 2*c. Let f(a) be the third derivative of a**5/60 + 7*a**4/12 - 7*a**3/6 - 65*a**2. Let b(g) = f(g) + 2*i(g). Calculate b(9).
2
Let k(t) = 25*t - 243. Let b be k(10). Let i(z) = 5 + 9 + z**3 - 11*z**2 + 2 - b. Calculate i(11).
9
Let n = 66 - 22. Let j = n + -41. Let a(p) = -22*p**3 - 3*p**2 - 1 - 1 + 3 - p + 20*p**j. Calculate a(-2).
7
Let p(u) = u**2 - 12*u. Let w be (-9)/2*(-76)/342. Let i be (9/(72/80))/w. Calculate p(i).
-20
Let n(u) = 35*u**3 + u**2 + 2*u - 2. Suppose -155*l = -163*l + 8. Determine n(l).
36
Suppose -9*i = -20*i + 187. Suppose 23*r = 6*r - i. Let g(d) = -4*d - 1. Determine g(r).
3
Suppose -k - 22 = -24. Let m(d) = -5*d + 2*d + d**k + 0*d - 2*d**2. What is m(-2)?
2
Let o = -1774 + 1772. Let x(d) = -d**3 - 6*d**2 - 3*d - 1. Determine x(o).
-11
Let f(z) = z**3 + 3*z**2 + z + 1. Suppose 16 = -5*j + 1. Let y(o) = o**2 - 1. Let u(n) = j*y(n) - f(n). Determine u(-6).
8
Suppose v + 41 = d + 4*d, -d - 2*v + 6 = 0. Let y(u) = -4 - 1 + 1 - 7 + u - 3. Give y(d).
-6
Let k = 1370 + -1370. Let u(r) = r**3 - r**2 + 2*r + 7. Give u(k).
7
Suppose 146*d - s = 142*d - 7, -5*d - 35 = 4*s. Let p(u) = 2*u**3 + u**2 - 12*u + 10. Determine p(d).
1
Let u = -3904 - -3899. Let d(c) = 14*c - 2. Determine d(u).
-72
Let z = 16 - 24. Let n(s) = -33*s + 7. Let l(j) = -50*j + 5. Let y(v) = 2*l(v) - 3*n(v). What is y(z)?
-3
Let l(t) = -t**2 - 9*t - 6. Let w(u) be the second derivative of u**4/12 + 5*u**3/3 + 7*u**2/2 + 10*u - 1. Let k(p) = 3*l(p) + 2*w(p). Determine k(-7).
-4
Let j(t) = 2*t**2 - 4*t - 7. Let x = -5221 - -5218. Give j(x).
23
Let i(k) = -k**3 - 5*k**2 - 4*k - 7. Let b be -7*((-270)/(-35))/18. Calculate i(b).
-13
Let j(p) be the third derivative of p**6/120 - 7*p**5/20 - 11*p**4/6 - 13*p**3/3 - 20*p**2 - 4. Determine j(23).
20
Let f(n) = -2*n**3 - 37*n**2 - 169*n + 6. Let g be f(-10). Let u(w) = -w**3 - 6*w**2 - 7*w - 3. What is u(g)?
-7
Let y(v) be the third derivative of 1/30*v**5 + 0 - 43*v**2 - 1/6*v**4 + 1/120*v**6 + 0*v + 1/2*v**3. Determine y(-4).
-13
Suppose -4*c - 60*n + 55*n = -29, -n + 4 = -c. Let g(l) = -19*l**2 + 3*l - 3. Calculate g(c).
-19
Let v(g) = g**2 - 14*g + 24. Let o = 467 - 455. Calculate v(o).
0
Let r(c) = -5*c - 5. Let w(v) = -14*v - 15. Let l(y) = 17*r(y) - 6*w(y). Let o be l(-7). Suppose 11*f - o*f = 1. Let m(g) = 4*g - 1. Determine m(f).
-5
Let k(j) = -j**3 - 9*j**2 - 20*j - 27. Let f(x) = 2*x**3 + 2*x**2 + 9*x + 2. Let v(h) = f(h) + k(h). Calculate v(9).
38
Let n(j) be the second derivative of j**6/360 + j**5/12 - 5*j**4/24 - 14*j**3/3 - 56*j. Let l(s) be the second derivative of n(s). Determine l(-9).
-14
Let z(j) = -65*j + 346. Let a(g) = 197*g - 1042. Let w(u) = -6*a(u) - 19*z(u). Give w(6).
-4
Let q(z) = 3*z**3 + 11*z**2 + 8*z + 20. Let n(i) = 2*i**3 + 10*i**3 + 23*i**2 - 61 + 101 - 5*i**3 + 9*i + 6*i. Let s(d) = -2*n(d) + 5*q(d). Calculate s(-8).
4
Let r(b) = b**2 - 3*b + 23 + 2*b - 15 + 21. Suppose 11*g = 27*g. Give r(g).
29
Let k(b) = b - 42. Let v(i) = 8*i - 188. Let c(f) = -5*k(f) + v(f). Let o = -5 - 2. What is c(o)?
1
Suppose -130 = 9*q - 76. Let c(u) = -7*u**3 + u**2 - 11*u + 7. Let v(g) = 8*g**3 + 12*g - 9. Let r(x) = q*v(x) - 7*c(x). What is r(6)?
-1
Let s(q) = -6*q**3 + q**2 + 32*q + 5. Let a(r) = 3*r**3 - r**2 - 18*r - 3. Let i(w) = -7*a(w) - 4*s(w). Determine i(-3).
-47
Suppose -x = -3*x - 622. Let c = x - -311. Let z(m) be the third derivative of m**4/24 + 2*m**3/3 + 3*m**2. Give z(c).
4
Let i(u) = -4*u**2 + 5*u + 13. Let g(w) = -6*w**2 + 7*w + 20. Let t(j) = -5*g(j) + 8*i(j). Let x = 60 - 76. Let f = -12 - x. Determine t(f).
-8
Let q be (-4653)/846*-2*1. Let y(s) = -s**3 + 12*s**2 + 4*s - 15. What is y(q)?
150
Let g(v) = -v. Let o(f) = -103 + 52 + 49 + 2*f. Let j = 8 + -9. Let t(d) = j*o(d) - 5*g(d). Determine t(-3).
-7
Let m = 4808 + -4815. Let a(k) = k**3 + 7*k**2 + 11*k + 9. Determine a(m).
-68
Let p(j) be the third derivative of -7/3*j**3 - 5/12*j**4 + 1/120*j**6 - 1/6*j**5 + 0 - j + 48*j**2. What is p(11)?
-3
Let i(s) = s**3 - 7*s**2 - 6*s - 11. Let o be i(8). Let d(c) = 17*c - 53*c**2 - 19*c + 79*c**2 - 25*c**2 - 7. Give d(o).
8
Let f(y) = -y**3 - y**2 + 2*y + 1. Let d(n) = -2*n**2 + n + 6. Let b be d(-4). Let r be 3 + (-11)/((-55)/b). Determine f(r).
13
Let x(t) = 7*t**3 + 26*t**2 + 75*t - 70. Let d(w) = 9*w**3 + 35*w**2 + 99*w - 93. Let p(i) = -10*d(i) + 13*x(i). Calculate p(13).
-6
Let g(i) = i**3 + 17*i**2 - i - 5. Let z be g(-17). Let w(p) = -p**2 + 5 + 1 + 2 - 12 - z*p + 19*p. Determine w(8).
-12
Let g be ((-1)/(-3))/((-13)/(-273)). Suppose -42 = -7*v - g. Suppose -3*o = a + 11, -3*o + 6 - 1 = v*a. Let x(f) = f + 5. Calculate x(o).
0
Let h be -8*1/3*(-49 - -40). Let q(n) = -2 - n - h*n + 28*n - 3*n**2. Determine q(-3).
-38
Let u(s) = s**2 + 3*s - 5. Let f(y) = 4*y - 141. Let c be (-50)/(-30) + 5/(60/388). Let t be f(c). What is u(t)?
5
Let z be -1*7/(49/(-14)). Let i(f) = -31 - 34 + f**z + 10